{"id":160,"date":"2021-10-23T17:05:00","date_gmt":"2021-10-23T15:05:00","guid":{"rendered":"https:\/\/daniel-stowasser.de\/dhs_gt\/?page_id=160"},"modified":"2021-10-23T17:06:54","modified_gmt":"2021-10-23T15:06:54","slug":"check-und-instandhaltung","status":"publish","type":"page","link":"https:\/\/daniel-stowasser.de\/dhs_gt\/check-und-instandhaltung\/","title":{"rendered":"Check und Instandhaltung"},"content":{"rendered":"\t\t<div data-elementor-type=\"wp-page\" data-elementor-id=\"160\" class=\"elementor elementor-160\">\n\t\t\t\t\t\t\t\t\t<section class=\"elementor-section elementor-top-section elementor-element elementor-element-62ef2a5 elementor-section-boxed elementor-section-height-default elementor-section-height-default\" data-id=\"62ef2a5\" data-element_type=\"section\">\n\t\t\t\t\t\t<div class=\"elementor-container elementor-column-gap-default\">\n\t\t\t\t\t<div class=\"elementor-column elementor-col-100 elementor-top-column elementor-element elementor-element-2e0afa9\" data-id=\"2e0afa9\" data-element_type=\"column\">\n\t\t\t<div class=\"elementor-widget-wrap elementor-element-populated\">\n\t\t\t\t\t\t\t\t<div class=\"elementor-element elementor-element-41f4fa1 elementor-widget elementor-widget-heading\" data-id=\"41f4fa1\" data-element_type=\"widget\" data-widget_type=\"heading.default\">\n\t\t\t\t<div class=\"elementor-widget-container\">\n\t\t\t<style>\/*! elementor - v3.13.3 - 28-05-2023 *\/\n.elementor-heading-title{padding:0;margin:0;line-height:1}.elementor-widget-heading .elementor-heading-title[class*=elementor-size-]>a{color:inherit;font-size:inherit;line-height:inherit}.elementor-widget-heading .elementor-heading-title.elementor-size-small{font-size:15px}.elementor-widget-heading .elementor-heading-title.elementor-size-medium{font-size:19px}.elementor-widget-heading .elementor-heading-title.elementor-size-large{font-size:29px}.elementor-widget-heading .elementor-heading-title.elementor-size-xl{font-size:39px}.elementor-widget-heading .elementor-heading-title.elementor-size-xxl{font-size:59px}<\/style><h2 class=\"elementor-heading-title elementor-size-default\">Check und Instandhaltung<\/h2>\t\t<\/div>\n\t\t\t\t<\/div>\n\t\t\t\t\t<\/div>\n\t\t<\/div>\n\t\t\t\t\t\t\t<\/div>\n\t\t<\/section>\n\t\t\t\t<section class=\"elementor-section elementor-top-section elementor-element elementor-element-906569f elementor-section-boxed elementor-section-height-default elementor-section-height-default\" data-id=\"906569f\" data-element_type=\"section\">\n\t\t\t\t\t\t<div class=\"elementor-container elementor-column-gap-default\">\n\t\t\t\t\t<div class=\"elementor-column elementor-col-50 elementor-top-column elementor-element elementor-element-ee92467\" data-id=\"ee92467\" data-element_type=\"column\">\n\t\t\t<div class=\"elementor-widget-wrap elementor-element-populated\">\n\t\t\t\t\t\t\t\t<div class=\"elementor-element elementor-element-be35b3f elementor-widget elementor-widget-text-editor\" data-id=\"be35b3f\" data-element_type=\"widget\" data-widget_type=\"text-editor.default\">\n\t\t\t\t<div class=\"elementor-widget-container\">\n\t\t\t<style>\/*! elementor - v3.13.3 - 28-05-2023 *\/\n.elementor-widget-text-editor.elementor-drop-cap-view-stacked .elementor-drop-cap{background-color:#69727d;color:#fff}.elementor-widget-text-editor.elementor-drop-cap-view-framed .elementor-drop-cap{color:#69727d;border:3px solid;background-color:transparent}.elementor-widget-text-editor:not(.elementor-drop-cap-view-default) .elementor-drop-cap{margin-top:8px}.elementor-widget-text-editor:not(.elementor-drop-cap-view-default) .elementor-drop-cap-letter{width:1em;height:1em}.elementor-widget-text-editor .elementor-drop-cap{float:left;text-align:center;line-height:1;font-size:50px}.elementor-widget-text-editor .elementor-drop-cap-letter{display:inline-block}<\/style>\t\t\t\t<p>Wenn Sie Ihre Investition dauer\u00adhaft sch\u00fct\u00adzen und er\u00adhal\u00adten wollen, sollten Sie Anla\u00adgen regel\u00adm\u00e4\u00dfig \u00fcber\u00adpr\u00fcfen lassen. Damit k\u00f6nnen Sie die Sicher\u00adheit erh\u00f6hen, Ein\u00adspar\u00adm\u00f6g\u00adlich\u00adkei\u00adten er\u00adken\u00adnen und Res\u00adsour\u00adcen scho\u00adnen. Neben den Kosten\u00adsen\u00adkun\u00adgen k\u00f6nnen durch regel\u00adm\u00e4\u00ad\u00dfige Checks auch fr\u00fch\u00adzei\u00adtig Fehl\u00adfunk\u00adtio\u00adnen erkannt werden, die, wenn man sie un\u00adbe\u00adach\u00adtet l\u00e4sst, zu kost\u00adspie\u00adligen Repa\u00adratu\u00adren f\u00fchren k\u00f6nnen. Wir sind Part\u00adner vieler nam\u00adhafter Mar\u00adken\u00adher\u00adstel\u00adler und k\u00f6nnen dies fach\u00adm\u00e4n\u00adnisch f\u00fcr Sie erledigen.<\/p><p>\u2013 Heizungs \u2013 Check<\/p><p>\u2013 Trinkwasser \u2013 Check<\/p><p>\u2013 Dichtheitspr\u00fcfung<\/p><p>\u2013 Rohrbruch \/ Wasserschaden \u2013 Ortung<\/p><p>\u2013 Rohrreinigung<\/p><p>\u2013 Bautrocknung<\/p>\t\t\t\t\t\t<\/div>\n\t\t\t\t<\/div>\n\t\t\t\t\t<\/div>\n\t\t<\/div>\n\t\t\t\t<div class=\"elementor-column elementor-col-50 elementor-top-column elementor-element elementor-element-aff34ba\" data-id=\"aff34ba\" data-element_type=\"column\">\n\t\t\t<div class=\"elementor-widget-wrap\">\n\t\t\t\t\t\t\t\t\t<\/div>\n\t\t<\/div>\n\t\t\t\t\t\t\t<\/div>\n\t\t<\/section>\n\t\t\t\t\t\t\t<\/div>\n\t\t","protected":false},"excerpt":{"rendered":"<p>Check und Instandhaltung Wenn Sie Ihre Investition dauer\u00adhaft sch\u00fct\u00adzen und er\u00adhal\u00adten wollen, sollten Sie Anla\u00adgen regel\u00adm\u00e4\u00dfig \u00fcber\u00adpr\u00fcfen lassen. Damit k\u00f6nnen Sie die Sicher\u00adheit erh\u00f6hen, Ein\u00adspar\u00adm\u00f6g\u00adlich\u00adkei\u00adten er\u00adken\u00adnen und Res\u00adsour\u00adcen scho\u00adnen. Neben den Kosten\u00adsen\u00adkun\u00adgen k\u00f6nnen durch regel\u00adm\u00e4\u00ad\u00dfige Checks auch fr\u00fch\u00adzei\u00adtig Fehl\u00adfunk\u00adtio\u00adnen erkannt werden, die, wenn man sie un\u00adbe\u00adach\u00adtet l\u00e4sst, zu kost\u00adspie\u00adligen Repa\u00adratu\u00adren f\u00fchren k\u00f6nnen. Wir sind Part\u00adner [&hellip;]<\/p>\n","protected":false},"author":1,"featured_media":0,"parent":0,"menu_order":0,"comment_status":"closed","ping_status":"closed","template":"","meta":{"footnotes":""},"class_list":["post-160","page","type-page","status-publish","hentry","entry"],"_links":{"self":[{"href":"https:\/\/daniel-stowasser.de\/dhs_gt\/wp-json\/wp\/v2\/pages\/160","targetHints":{"allow":["GET"]}}],"collection":[{"href":"https:\/\/daniel-stowasser.de\/dhs_gt\/wp-json\/wp\/v2\/pages"}],"about":[{"href":"https:\/\/daniel-stowasser.de\/dhs_gt\/wp-json\/wp\/v2\/types\/page"}],"author":[{"embeddable":true,"href":"https:\/\/daniel-stowasser.de\/dhs_gt\/wp-json\/wp\/v2\/users\/1"}],"replies":[{"embeddable":true,"href":"https:\/\/daniel-stowasser.de\/dhs_gt\/wp-json\/wp\/v2\/comments?post=160"}],"version-history":[{"count":4,"href":"https:\/\/daniel-stowasser.de\/dhs_gt\/wp-json\/wp\/v2\/pages\/160\/revisions"}],"predecessor-version":[{"id":164,"href":"https:\/\/daniel-stowasser.de\/dhs_gt\/wp-json\/wp\/v2\/pages\/160\/revisions\/164"}],"wp:attachment":[{"href":"https:\/\/daniel-stowasser.de\/dhs_gt\/wp-json\/wp\/v2\/media?parent=160"}],"curies":[{"name":"wp","href":"https:\/\/api.w.org\/{rel}","templated":true}]}}